e v(7). What are the prime factors of (-415)/(-25) - o/(-10)?
17
Let q(s) = 2*s**3 - s**2 + 3*s - 5. Let l be q(-4). Let h = 231 + l. What are the prime factors of h?
2, 5, 7
Let z(v) = -v**3 + 8*v**2 + 7*v - 15. Suppose 3 = b - 4. List the prime factors of z(b).
83
Suppose 5*c - 126 = -26. Suppose -5*b + 20 + 5 = 0. Suppose m = -2*g + 7*g + 4, -b*m - 3*g + c = 0. What are the prime factors of m?
2
Suppose -800 = -2*a + 4*k, 8*k - 3*k + 1195 = 3*a. What are the prime factors of a?
2, 3, 5, 13
What are the prime factors of ((-1)/(-2))/(7/12894)?
3, 307
Let k be 90/25*5*11. Suppose -7*n = -4*n + k. Let b = -44 - n. List the prime factors of b.
2, 11
Let j(r) = -2*r + 12. Let h be j(5). Suppose -5*b - n - 58 = -278, 2*n - 88 = -h*b. Let k = b - 17. What are the prime factors of k?
3
Let w(h) be the third derivative of h**4/2 + 2*h**3/3 - 11*h**2. What are the prime factors of w(9)?
2, 7
Let k be -3*((12 - -2) + -4). Let u be -105*4*3/k. Suppose 0 = d, 2*l - d = u + 20. What are the prime factors of l?
31
Suppose -6*v = 85 - 1. Let p be 11/(-22) - v/4. What are the prime factors of 1/(-3)*p + 56?
5, 11
Let o = -54 + 113. Let f = -40 + o. What are the prime factors of f?
19
Let d = 1520 - -414. List the prime factors of d.
2, 967
Let r = 83 - 47. Suppose 3*n - 91 = -5*v + r, -148 = -4*n + 4*v. List the prime factors of n.
3, 13
Let h(x) be the second derivative of x**5/20 + x**4 + 2*x**3 + 8*x**2 + 4*x. What are the prime factors of h(-11)?
5
Let i(h) = h**3 - 8*h**2 - 8*h - 7. Suppose 5*n + 4 = d, 0 = 5*d + n - 2*n - 44. Let j be i(d). What are the prime factors of (-5 - -4)/(j/(-46))?
23
Let y = 2 + 5. Suppose 311 = -y*q - 158. Let n = 121 + q. What are the prime factors of n?
2, 3
Suppose 188*h + 26595 = 203*h. What are the prime factors of h?
3, 197
Let i(l) = 308*l**2 + 20*l - 60. List the prime factors of i(3).
2, 3, 7, 11
Let f(r) = r**3 + 8*r**2 + 11*r - 4. Let i be f(-6). Suppose 4*n + i*v - 448 = 0, 0 = n - 2*v - 3*v - 123. What are the prime factors of n?
113
Let j(u) = u**2 - 18*u - 50. What are the prime factors of j(39)?
769
Let n(q) = q**2 + 26*q - 44. What are the prime factors of n(-32)?
2, 37
Suppose -q + 697 = q + o, 5*o + 1373 = 4*q. Let r = q + -232. List the prime factors of r.
5, 23
Let r be (-9)/(-12) + 3942/24. Let b = -70 + r. What are the prime factors of b?
5, 19
Let c = 1203 - 772. What are the prime factors of c?
431
Let i(o) be the second derivative of o**5/60 + o**3/6 + 5*o**2/2 - o. Let u(f) be the first derivative of i(f). What are the prime factors of u(1)?
2
Let l = 3 + 4. Let c = -2 + l. Suppose -c*o = -1 - 4, d = 4*o + 29. What are the prime factors of d?
3, 11
Suppose 0 = z - 708 - 260. List the prime factors of z.
2, 11
Let m = -16 - -43. Let o = 29 - m. What are the prime factors of o?
2
Let u = -37 + 56. Let q(t) = -t + 60. List the prime factors of q(u).
41
Let o(b) = 2*b**2 + 32*b - 53. List the prime factors of o(-26).
467
Let l(y) = -y**3 - 17*y**2 - 2*y - 11. Suppose 0 = -4*z - 2*g - 12 - 60, 2*g = -4. List the prime factors of l(z).
23
Suppose 0*i + 3*u + 10 = 5*i, -2*i = 4*u - 30. Suppose 2*x = -i*d + 3*x + 14, 0 = -3*d - 5*x + 14. Suppose d*y - 7 = 2. What are the prime factors of y?
3
Let n(p) = p - 2. Let d be n(0). Let s be (-2)/(-3) + ((-2552)/33)/8. Let m = d - s. List the prime factors of m.
7
Suppose -4*v + 5 + 2 = -3*q, 4*v - 31 = -5*q. List the prime factors of v.
2
Suppose 4*g = 3*y + 41648, 4 = -g - 0. What are the prime factors of y/(-28)*(-1 + (-3)/(-2))?
2, 31
Suppose -23385 = -5*m - 0*m + 5*q, -2*q + 4686 = m. What are the prime factors of m?
2, 3, 5, 13
Let d = -6 + 0. Let w(r) = 0 + 2*r - r**3 + 3*r**2 + 2*r**3 - 8 + 4*r**2. List the prime factors of w(d).
2
Let j = -2827 + 5044. List the prime factors of j.
3, 739
Let t(r) = -2*r - 10. Suppose -10*s - 9 = -9*s. List the prime factors of t(s).
2
Suppose -5*a = -4*n - 10 + 35, -n - 5 = a. Suppose 5*x + n*x + 2*f = 419, -3*f - 94 = -x. What are the prime factors of x?
5, 17
Let o = 30 + -16. Let p(t) = 4*t - 19. What are the prime factors of p(o)?
37
Let n = -21 - -12. Let j = -5 - n. Suppose -o - 2*o - j = y, 5*o = -5*y. List the prime factors of y.
2
Let m(b) = 197*b - 1. Let x(l) = 395*l - 1. Let q(f) = 5*m(f) - 3*x(f). Let g be q(-1). Let o = g + -129. List the prime factors of o.
3, 23
Suppose 4*l = -m + 924 + 5283, 1550 = l + 2*m. What are the prime factors of l?
2, 97
Let j(a) be the third derivative of 2*a**5/15 + 17*a**2. List the prime factors of j(-3).
2, 3
Let i = 178 - -389. List the prime factors of i.
3, 7
Suppose -4*i + 16 = -3*i. Let g = 33 - i. Let a = 0 + g. What are the prime factors of a?
17
Let y(v) = v**2 - 3*v + 2. Suppose 2 - 11 = -3*x. Let n be y(x). Suppose 3*g = 5*a + 4, g - n*a + a - 2 = 0. What are the prime factors of g?
3
Let k(t) = 11*t - 46. Let n(i) = 3*i - 16. Let s(g) = 2*k(g) - 7*n(g). Let y be -13 - (-2 + 1 + -1). What are the prime factors of s(y)?
3
Suppose 0 = 109*p - 111*p + 5*z + 1213, 5*p = 5*z + 2995. What are the prime factors of p?
2, 3, 11
Suppose 2*b + 3*b = 4*c - 50, -b + 2*c = 10. Let t(m) = -5*m - 23. Let f(n) = -17*n - 69. Let y(p) = 2*f(p) - 7*t(p). What are the prime factors of y(b)?
13
Suppose -r + 42 = y, -y + r + 126 = 2*y. What are the prime factors of (-12)/y - 298/(-14)?
3, 7
Let c = 120 + -172. Let n = 136 + c. List the prime factors of n.
2, 3, 7
Let y(c) = 3*c**2 - 11. Let n(z) = -z**2 - z + 7. Let i be n(-4). Let h be y(i). List the prime factors of h + 2 - (-6 + 5).
67
Suppose -29*g = -21*g - 4888. List the prime factors of g.
13, 47
Let i(a) = 25*a**2 + 17*a + 17. List the prime factors of i(7).
1361
Let p = 1 - -2. Suppose -p + 8 = -w. Let a(r) = r**2 - r - 6. What are the prime factors of a(w)?
2, 3
Let m = 22 + -18. Suppose 3*t - 6*t + 192 = 5*u, m*t = -3*u + 113. What are the prime factors of u?
3, 13
Let y(n) = -2*n**3 - 5*n**2 - 3*n + 8. Let g be y(-7). Suppose -9*m = m - g. What are the prime factors of m?
47
Suppose -7*f + 9*f - 4 = 0. Suppose -4 = -f*l + 4. List the prime factors of 21 + (l/(-4) - 0).
2, 5
Let d(p) = p**3 - 12*p**2 + p + 12. Let k be d(12). Let r = k + 80. List the prime factors of r.
2, 13
Let f(y) = y**3 + 10*y**2 + 4*y + 10. Let c be f(-9). Suppose 49 = -3*z + 5*x, 2*x = -4*z + 1 - 23. List the prime factors of c/4 + z/(-32).
2, 7
What are the prime factors of 232 + -230 - 2317*4/(-2)?
2, 19, 61
Let b = 18 + -16. Let o be -26*(b - 2 - 1). Suppose 2*a = -0*a + o. What are the prime factors of a?
13
Suppose -j = i + 8, -j + i = -i + 14. Suppose 0 = 6*s - 2*s + 4. List the prime factors of (1 - s)/((-1)/j).
2, 5
Suppose -5*h + 28 = 3*m - 0*h, -8 = -4*h. Let z(q) = q**3 + 4*q**2 - 8*q - 2. What are the prime factors of z(m)?
2, 5, 31
Let h = 1274 + -872. List the prime factors of h.
2, 3, 67
Suppose -5*h = 4*j - 812, -9*j = 4*h - 5*j - 648. What are the prime factors of h?
2, 41
What are the prime factors of ((-154)/(-21))/1 + 6/9?
2
Suppose -1 + 7 = 2*p. Suppose 5*m = -p*d - 343, -3 = -5*m + 3*d - 370. Let w = m - -102. List the prime factors of w.
31
Suppose u = -3*u - 516. Let r = 217 + u. What are the prime factors of r?
2, 11
Let a be ((-6)/10)/(1/(-5)). Suppose -3*i + 87 = 2*s - 0*s, -a*s - 116 = -4*i. What are the prime factors of i?
29
List the prime factors of (-95)/(-38) + 182/4.
2, 3
Let g = 354 + -579. Let f = 328 + g. List the prime factors of f.
103
Let y be 3306/42 + (-3)/42*-4. Let x = 190 + y. What are the prime factors of x?
269
What are the prime factors of -3 + 546 - (-2 + 4)?
541
Let u be ((-20)/25)/(1/(-555)). Suppose j + 4*y = 114, 0 = -j + 5*j + 4*y - u. List the prime factors of j.
2, 5, 11
Let n(g) = 2*g**3 - 7*g**2 + 14*g - 27. List the prime factors of n(8).
661
Let s be (-6)/(-21) - (-220)/14. Let o be 536/s*(-1 + 3). Let q = o + -47. What are the prime factors of q?
2, 5
Let u = -8 + 11. Let n = u - 8. Let r(y) = -9*y - 10. What are the prime factors of r(n)?
5, 7
List the prime factors of 8*(-6)/36 - (-614)/6.
101
Suppose -27*i + 35283 = -9591. What are the prime factors of i?
2, 3, 277
What are the prime factors of (56/5)/((-2)/(-22*5))?
2, 7, 11
Suppose 0 = -0*s - s + 1. Let o(l) = l**2 + l. Let c(n) = 2*n**2 - 9*n - 7. Let d(w) = s*c(w) - 3*o(w). What are the prime factors of d(-8)?
5
Let r(y) = 3*y**3 - 